st the prime factors of p.
2, 5
Let g = 20 - -5. Suppose g = -5*p - 5. List the prime factors of 66*(0 - 3/p).
3, 11
Suppose -508320 = -0*f - 24*f. Suppose 12*r - 27*r + f = 0. What are the prime factors of r?
2, 353
Let g = -541 + 548. Suppose b = -5*y + 1040, 6*y + 5200 = 5*b + g*y. List the prime factors of b.
2, 5, 13
Suppose 5*q - 4*h = 132878, 0 = -72*q + 71*q - h + 26581. What are the prime factors of q?
2, 97, 137
Suppose -2*m + 8675 = 5*o + 2*m, 5*o - 3*m = 8675. Let b = o + -1075. What are the prime factors of b?
2, 3, 5, 11
Let r = 8999 + -8999. Suppose 3*k = 7*k + z - 2793, 5*k = z + 3489. Suppose -4*a - 4*p + 964 = r, 2*a = -a + 2*p + k. What are the prime factors of a?
2, 59
Let u = 14 - -35. Suppose 48*i + 512 = u*i. What are the prime factors of i?
2
Suppose -c + 0*c + 9708 = 0. Suppose -w - 2431 = -i, 4*i + 7*w = 3*w + c. List the prime factors of (-6)/45 - i/(-105).
23
Let n(c) be the third derivative of 25/6*c**3 + 1/12*c**4 - 34*c**2 + 0 + 1/60*c**5 + 0*c. What are the prime factors of n(-17)?
2, 5, 7
Suppose -g = -5*z + 3075, 1738 = 5*z + 3*g - 1337. Suppose 4*l = -j + 1, 5 + 8 = j - 2*l. Suppose 6*s = z + j. What are the prime factors of s?
2, 13
Let g be (-15)/20 + (95/(-4))/(-5). Suppose g*b + 0*b + 2*u - 2614 = 0, -5*b + 3274 = -4*u. What are the prime factors of b?
2, 3, 109
Suppose -66*q - 337838 = -161*q + 64*q. What are the prime factors of q?
2, 5449
Suppose 3*n = 2*n - 5*f - 14, -2*n - 2*f = 12. Suppose 0 = -66*h + 77*h + 165. List the prime factors of (-351)/h + n*(-1)/(-10).
23
Let a(f) = f**2 + 17*f + 2. Let y be a(-17). Suppose -8*g + y*g = -90. Suppose -g*s + 328 = -13*s. What are the prime factors of s?
2, 41
Let x(z) = 5*z - 24. Let t be x(6). Let a be (21/14)/(t/784). Let m = a + -113. What are the prime factors of m?
83
Let s(p) = p**3 + 43*p**2 + 26*p - 16. List the prime factors of s(-12).
2, 11, 47
Let q(w) = w**3 + 22*w**2 + 40*w + 5. Let u be q(-20). List the prime factors of 96/u*(-10)/(-3) + 2.
2, 3, 11
What are the prime factors of (-32 - -58944) + 8 + 4?
2, 14731
Suppose 27*b - 159410 = 401812. What are the prime factors of b?
2, 19, 547
Let y = -268 + 416. Let o = y - 100. List the prime factors of o.
2, 3
Let p(u) = 2*u - 5. Let a be p(5). Suppose 3*l - k + 14 = 4*k, -5*l + a*k = 10. Suppose 4*n + l*o = 506, -n - 3*o + 125 = 1. List the prime factors of n.
127
Suppose -4*u - 6 = 2*u. Let d be (5/u)/(-1*(-3)/(-6)). Let i(g) = g**3 - 9*g**2 - 7. List the prime factors of i(d).
3, 31
Let g(o) = -o**3 + 53*o**2 - 83*o - 113. List the prime factors of g(49).
2, 3, 113
Let j = 13198 - 7354. List the prime factors of j.
2, 3, 487
Let v = 36 + -10. Let d be ((-8)/(-4) - 3) + v. List the prime factors of 3610/d - 6/(-10).
5, 29
Let v(o) = 6*o - 4. Let i be v(1). List the prime factors of (-3 - (i - 1))/((-8)/1264).
2, 79
Suppose 220 = -3*o - 2*z, -5*o - 5*z + 0*z - 375 = 0. Let t be 3720/(-100)*o/4. Suppose -6*a = a - t. List the prime factors of a.
3, 31
Suppose 583*p + f + 85875 = 587*p, -3*p - 3*f + 64380 = 0. List the prime factors of p.
21467
Suppose 7*d - q - 44583 = 4*d, d - q - 14863 = 0. List the prime factors of d.
2, 5, 743
Let t(q) = 8*q**3 + 8*q**2 + 102*q - 30. What are the prime factors of t(14)?
2, 3, 4153
Suppose -592*u + 14 = -591*u. Suppose m = 2, -5*s + u*m = 12*m - 4806. List the prime factors of s.
2, 13, 37
Let l(v) = v**3 + 9*v**2 + v + 17. Let f be l(-9). Suppose -f*p + 4*p + 28 = 0. Suppose c = -p*c + 1384. List the prime factors of c.
173
Suppose 2*x = -3*r - 8, 8 = r + 4*r - 2*x. Suppose -o = -5*z - 0*o - 49, -4*z + 4*o - 36 = r. List the prime factors of 22/(-55) + (-1284)/z.
2
Let n = 43 - 43. Suppose 4*p + 400 = t, -p + n*p - 1178 = -3*t. Let y = -214 + t. What are the prime factors of y?
2, 89
Let j = 5499 - -2601. What are the prime factors of j?
2, 3, 5
Let r(y) = -2*y**2 - 22*y + 8. Let a be r(-11). Suppose -2*s = -a - 2. Suppose -s*k - 134 + 27 = -3*i, 2*k = 2*i - 74. List the prime factors of i.
3, 13
Suppose -863*u = -846*u - 1230392. What are the prime factors of u?
2, 83, 109
Let x(f) = f**3 + 7*f**2 + 5*f - 9. Let u(y) = 4*y**2 + 3*y - 4. Let o(b) = -5*u(b) + 3*x(b). What are the prime factors of o(3)?
83
Let p(x) = -341*x - 5313. What are the prime factors of p(-48)?
3, 5, 11, 67
Let j be -6 - 16 - (-24 - -13). Let y(t) = -54*t + 67. Let b(d) = 9*d - 11. Let z(m) = 34*b(m) + 6*y(m). List the prime factors of z(j).
2, 113
Let j(y) be the third derivative of -37*y**4/12 + 2*y**3 + 3*y**2. Let c be j(-3). Suppose -t - 17 + c = 2*n, -6 = 2*t. List the prime factors of n.
2, 5, 11
Let g = 43 - 42. What are the prime factors of 16/(-10) + g + (-15862)/(-70)?
2, 113
Let r = 605 + 623. Let u = r + -849. List the prime factors of u.
379
Let x be (-5050)/(-5) + (-5)/(-5). Let y = x + -227. What are the prime factors of y?
2, 7
Let m(s) = 203*s + 280. What are the prime factors of m(12)?
2, 7, 97
Suppose 3*s + 4*n + 25786 = 242184, -5*s = n - 360669. List the prime factors of s.
2, 36067
Let g(r) = 139*r**3 + 13*r**2 - 6. List the prime factors of g(5).
2, 3, 983
Suppose 7*n + 2*n = -72. Let j = -3 - n. Suppose 4*x + 231 = 3*s, j*s - 2*x + 4*x = 411. List the prime factors of s.
3
Suppose c - 13 - 9 = 0. Suppose -8190 = 13*q - c*q. Suppose -19*g = -5*g - q. What are the prime factors of g?
5, 13
What are the prime factors of (57/9 - 6)/1*22413?
31, 241
Let d(r) = 5842*r - 12. Let m be d(10). Suppose -15*g = 41*g - m. What are the prime factors of g?
7, 149
Suppose q - 3303 = 4*x, 40*q - 16610 = 35*q + x. What are the prime factors of q?
3323
Suppose -5*v = 5*y + 1745, -4*y + 3*v - 365 = -3*y. Let b = 103 - y. Suppose -4*d = 4*l - b, 0 = 2*l - d + 6*d - 222. What are the prime factors of l?
2, 29
Suppose -g + 250 = -525. Suppose 2*p - g - 703 = 0. Suppose p = 5*z - 41. What are the prime factors of z?
2, 3, 13
Let m(d) be the second derivative of d**5/20 + 8*d**4/3 - 5*d**3 - 20*d**2 - 154*d. What are the prime factors of m(-32)?
2, 5, 23
Let b(w) = -2*w**2 - w + 151. Let k(g) = 2*g**2 + g - 150. Let o(p) = -2*b(p) - 3*k(p). Suppose 7*m = m - 0*m. What are the prime factors of o(m)?
2, 37
Suppose -3*b - 12 = 0, 11*b = -5*k + 15*b + 41751. List the prime factors of k.
17, 491
Let l(z) = 58*z**3 - 25*z**3 - 37*z**3 - 17 + 12*z - 15*z**2. List the prime factors of l(-7).
2, 67
Let r(o) = o**2 - 18*o + 2. Let z be r(18). Let d be z/(1 + 0)*-16. List the prime factors of ((-39)/4)/(6/d).
2, 13
Suppose -4*m + 2*l + 278 = 5*l, -5*l - 330 = -5*m. Let w = m + -87. Let g = -6 - w. List the prime factors of g.
13
Suppose -20*q + 37514 = -8486. List the prime factors of q.
2, 5, 23
Let b = 21 - 14. Suppose b*p = 5*j + 6*p - 404, 3*j - 5*p - 238 = 0. Suppose j = 3*s - 180. What are the prime factors of s?
3, 29
Let f = 50 + -52. Let l be (f - -3)*(-4 + 5). What are the prime factors of 15*(1/(-9))/(l/(-6))?
2, 5
What are the prime factors of ((9500/114)/(1/(-3)) + 9)*-291?
3, 97, 241
Let p(x) = x + 40. Let j be (-2 + (-12)/5)*5*1. Let t = -46 - j. List the prime factors of p(t).
2
Let z(b) = 314*b**3 + 64*b**2 - 178*b - 13. What are the prime factors of z(3)?
47, 181
Suppose -54*o = -396 - 576. Suppose 0 = o*j + 1393 - 22741. What are the prime factors of j?
2, 593
Suppose -2*w + 110502 = 51458. What are the prime factors of w?
2, 29, 509
Let p be 296/6 - 4/(-6). Suppose 30*y - 41 - 49 = 0. Suppose -2*v = -y*j + 6*j - p, 2*v + j - 46 = 0. What are the prime factors of v?
2, 11
Suppose -5*y = 147 - 7. Let f = y + 31. What are the prime factors of ((-3155)/(-20) - f) + (-2)/(-8)?
5, 31
Let d(n) = 2*n + 11. Let r be d(-2). Suppose -5*b + 178 = 3*h, -4*b + 0*b - 3*h + 143 = 0. Let o = b - r. What are the prime factors of o?
2, 7
Let v = 686 - 840. Let j be (-44)/5*165/6. Let n = v - j. List the prime factors of n.
2, 11
Suppose l = 5*n + 404, -n = -2*n - 4*l - 64. Let s = 95 + n. Let o(v) = v**2 - 11*v + 14. List the prime factors of o(s).
2, 37
Let f = 51 - 29. Let v be (12/(-16))/((-2)/4)*f. Let x = 29 + v. List the prime factors of x.
2, 31
Suppose -45 + 18 = -9*r. Suppose r*w = -w + 20. Suppose 375 = w*t - 60. What are the prime factors of t?
3, 29
Let l be (2 - 1)/3 + 6/(-18). Suppose 6*q - 3*q + 2*o = 0, l = 3*q + o. Suppose -4*v + p + 239 - 27 = q, 0 = -v + 5*p + 34. What are t